).
31
Let v be ((-27)/6)/(-3) - (-5)/2. Suppose 4*p - 4*s = v, -4*p - 2*s = -7 + 3. Let t(z) = 10*z**3 - z**2 + 2*z - 1. Calculate t(p).
10
Let k(c) = c**3 + 6*c**2 - 6. Let y(s) = -s**3 - s**2 + s - 4. Let b be y(-3). Suppose -17 = -171*i + 170*i. Let p = b - i. What is k(p)?
-6
Let k(a) be the second derivative of a**5/20 - a**4/3 - 17*a**3/6 + 77*a**2/2 - 8*a - 368. Determine k(5).
17
Let b(r) = r**3 + 37*r**2 - 39*r - 38. Suppose 2354*p - 2376*p - 836 = 0. Determine b(p).
0
Suppose 31*t = -19*t + 83*t + 33. Let h(o) be the second derivative of 13*o**3/6 + o**2/2 - o. What is h(t)?
-12
Suppose q = -3*p + 2*p + 18, 3*q - 5*p - 86 = 0. Let k(l) = -q*l + 23*l + 0*l + 0*l. Determine k(4).
4
Let m(k) = 2*k**3 + 3*k**2 + 2*k - 4. Let d(y) = 4*y**2 - 2*y - 3. Let l be d(-1). Let w(f) = -5*f**3 - 7*f**2 - 5*f + 8. Let q(v) = l*w(v) + 7*m(v). Give q(0).
-4
Let q(o) = -296 + 4*o - 5*o + 297. Let z = -4 + 5. Determine q(z).
0
Let t(q) be the second derivative of -q**3/6 - 7*q**2 - 1308*q. Determine t(-8).
-6
Let y be 7/((-231)/(-720)) - 6/(-33). Let r = y + -16. Let j(a) = r + 7*a**2 + 0*a**3 - a**2 + a**3 - 2*a**2. Give j(-5).
-19
Let s be (61/(-183))/((-1)/33). Let l(c) = 10 - 7*c - s*c + 19*c. Determine l(-4).
6
Let m be (-413)/(-236) + 5/(-4) + (-54)/(-4). Let d(h) = -h**3 + 14*h**2 + 5*h - 7. Give d(m).
63
Let u(l) = -991 - 24*l + 669 + 903. Determine u(24).
5
Suppose -2*c = 3*k - 1, -2*k - 13 = -5*c + k. Let v(a) be the third derivative of a**5/12 - a**4/8 + 392*a**2. Determine v(c).
14
Let s be 1 + (-4)/3 - 134/(-6). Let m(y) = s + 56*y - 53*y - 7. Give m(-7).
-6
Suppose -5 = -5*r + 10. Let j(w) be the first derivative of -w**4/6 - 16*w**2 - w + 90. Let s(n) be the second derivative of j(n). Calculate s(r).
-12
Let n(o) be the third derivative of o**6/360 + 7*o**5/120 - o**4/8 + 133*o**3/6 - 5*o**2 + 14. Let v(j) be the first derivative of n(j). Determine v(-7).
-3
Let g(y) be the first derivative of -y**4/4 - 16*y**3/3 + 15*y**2/2 - 28*y - 2372. What is g(-17)?
6
Let o(v) be the third derivative of -v**5/30 + 5*v**4/24 + v**3/3 - 20*v**2 - 273*v. Let q(b) = -b**3 + 4*b**2 + 5*b + 4. Let z be q(5). Calculate o(z).
-10
Let v be -3 - (0 - (-2)/1). Let y = 15 + -13. Let x(u) = -3*u + 2*u + 5*u - 5*u + y. What is x(v)?
7
Let n(c) = 2*c - 3. Let q(h) = h - 1. Let p(z) = 6*n(z) - 13*q(z). Suppose -42 = 7*f - 497. Let w = 61 - f. Determine p(w).
-1
Let r(t) = t**2 + t + 7. Suppose -3*v + 26*l = 30*l - 7, 0 = 2*v + 2*l - 2. Determine r(v).
13
Let l(h) = -12*h - 33*h - 3*h + 380 + 12*h - 13*h. Calculate l(8).
-12
Let p(d) = -7*d**2 + 67*d + 215. Let o be p(12). Let a(w) = -8*w + 91. What is a(o)?
3
Let l(i) be the third derivative of 5*i**4/24 - 11*i**3/3 - 124*i**2. Give l(-6).
-52
Let q(x) = -2*x**2 - 43. Let t(m) = -2*m**2 - 71*m - 377. Let l be t(-29). Determine q(l).
-43
Let f(d) = d + 4. Let m be f(6). Let p be 20/(-30) - (42/(-28))/((-27)/(-120)). Suppose -p*s = -m*s - 12. Let o(w) = w + 1. Give o(s).
-2
Let n = 27825 + -27832. Let p(x) = x**2 + 35*x + 184. Determine p(n).
-12
Let b(t) = t**2 + 2*t - 4. Suppose 4*x = 7*x - 117. Suppose -8*w + 7*w = x. Let p = 33 + w. Determine b(p).
20
Let l be 25 - ((-36)/90 - 2/(-5)). Let h = l + -7. Suppose 3*x = 2*z - h, 2*x + x - z = -18. Let f(g) = g + 12. Give f(x).
6
Let t be (-42)/(-2)*(-9)/27. Let q(c) = -6*c - 21. Give q(t).
21
Let r be 15/(-21) - -1 - (-76)/28. Let c(a) = 18*a**r - 6*a**3 - 13*a**3 + 12*a**2 - 7 - 4*a**2. Determine c(8).
-7
Suppose 5*u + s - 1876 = -634, -1233 = -5*u - 4*s. Suppose u*b = 247*b - 8. Let g(z) be the second derivative of z**4/12 - 5*z**2/2 - z. Calculate g(b).
11
Let g = 14 + 68. Let l = g + -72. Let a(p) = -p**2 + 10*p - 10. What is a(l)?
-10
Let c(h) = 1158*h - 561*h + h**3 - 571*h - 24 - 26*h**2. Calculate c(25).
1
Let g(l) = -l**2 - 7*l - 5 + 12*l + 97 + 2*l + 10. Calculate g(14).
4
Let v(r) = 5*r + 1. Let k(z) = 2*z. Let i(x) = -7*k(x) + 3*v(x). Suppose 66*n = 5*s + 67*n + 36, 2*s = -2*n - 24. What is i(s)?
-3
Let n(a) = a**3 + 43*a**2 - 2*a - 82. Let d = -880 + 837. Calculate n(d).
4
Let a = -82 - -71. Let i(o) = 1 + 44*o + o - 48*o. Calculate i(a).
34
Let b(z) be the third derivative of z**5/15 - 23*z**4/24 - 2*z**3 - 3572*z**2. Calculate b(6).
-6
Suppose 0 = -2*d - 3*g - 14, 4*d + 2*g + 22 = -g. Let w(h) be the third derivative of -h**4/12 + 2*h**3/3 + 48746*h**2. Give w(d).
12
Let b(t) be the second derivative of t**4/8 + 18*t**2 + 63*t. Let w(h) be the first derivative of b(h). What is w(1)?
3
Let y(m) = -35*m + 1084. Let b(z) = 43*z - 1301. Let x(u) = -14*b(u) - 17*y(u). Calculate x(-32).
10
Let i be 1/(2/12)*1. Let g(v) = -6898 + 6894 - 2*v**3 + 4*v**3 - 15*v**2 - 3*v**3 + 15*v. Let b(z) = -z**2 + z. Let k(c) = i*b(c) - g(c). What is k(-10)?
-6
Suppose -5*d - 4*b + 32 = -4, 4*d = -4*b + 28. Suppose -5*j - 12 = -2*t, -6*t + d*t - 12 = -2*j. Let m(v) = v. Determine m(t).
6
Let s(z) = 649*z + 4548. Let v be s(-7). Let q(k) = 21*k - 24. Calculate q(v).
81
Suppose 4*d + t + 86 = -55, -2*d + 4*t - 66 = 0. Let w be (-5)/d*0 - (-1 + -23). Let x = 28 - w. Let m(u) = -u**3 + 6*u**2 - 5*u + 1. What is m(x)?
13
Let r = -4 - -7. Let o(h) = -2*h**3 - 4 + 0*h**3 - 5*h**2 + 5*h + h**2 + r*h**3. Let q(w) = w**3 - 10*w**2 + 20*w - 29. Let b be q(8). Determine o(b).
2
Suppose -3*i = z - 20, -2*i - 30 = -4*i - 4*z. Let p(u) = 8 + i*u - 1 + 23*u**2 - 24*u**2. Suppose 3*a - 13 = 2*k - 3*k, 2*a = k + 12. What is p(a)?
7
Let b(i) = -4 - 13*i**3 + 8*i**3 - 2*i**2 - 78*i + 4*i**3 - 83*i + 165*i. What is b(-3)?
-7
Suppose -1 = -7*r + 510. Let y = r - 79. Let v(b) = b**2 + 5*b + 8. Give v(y).
14
Let v(g) = -7*g + 33. Let y be (-2 + -6)/(4/(-2)) - (-150)/15. Give v(y).
-65
Suppose -5*u = -11 - 269. Let z = 48 - u. Let k(n) be the third derivative of n**5/60 + 3*n**4/8 - 5*n**3/3 + 110*n**2. Give k(z).
-18
Let w(d) = -4*d + 209. Suppose 187*g = 111*g + 3952. Give w(g).
1
Let g(o) = -11*o**3 - 20*o**2 - 4*o - 17. Let m be -20*((-85)/25 - -3). Let u(w) = 4*w**3 + 7*w**2 + w + 6. Let q(a) = m*u(a) + 3*g(a). Give q(-2).
-3
Let h(o) = o**3 + 3*o**2 + 3*o + 24. Let m be h(-4). Let y(f) = -11*f - 1. Calculate y(m).
43
Let d(a) = -a**3 - 20*a**2 + 3*a + 26. Let h be d(-20). Let k = 18 + h. Let u(x) = x**3 + 16*x**2 + x + 22. Give u(k).
6
Let p(g) be the second derivative of g**7/840 + g**6/120 - g**5/20 - g**4/6 + 9*g**3 + 2*g + 4. Let a(t) be the second derivative of p(t). Determine a(-4).
4
Let z(b) = -5*b**2 - 11*b + 71. Suppose -4*f - 24 = -4*y, -f - 366*y + 362*y = -39. Give z(f).
-7
Let c(p) = 3*p**2 + 280*p - 471. Let a be c(-95). Let f(o) = -4*o + 0*o - 1 + 3. Give f(a).
-14
Let w(y) = -y**2 - 4*y + 10. Let j(c) = -c**2 - 7*c - 4. Let l be j(-5). Let h(f) = -1 - f**2 + 0 + 134*f - 128*f - 6. Let v be h(l). What is w(v)?
-11
Let d(a) = 15*a**2 + a. Let s(f) be the first derivative of 4*f**3/3 + 11*f**2 + 11*f - 2792. Suppose -9 = 2*c + 1. Let z be s(c). Give d(z).
16
Let d(h) = h**3 + 21*h**2 + 34*h - 82. Suppose -m - 129 = 5*x - 34, 2*m = -3*x - 57. Give d(x).
-6
Let f = -6780 + 6779. Let n(q) = -14*q + 5. Let g(w) = 21*w - 7. Let u(r) = -5*g(r) - 7*n(r). What is u(f)?
7
Suppose -648*d + 645*d = 24. Let u(b) = b**3 + 10*b**2 + 13*b - 13. Determine u(d).
11
Let c = -10 - -18. Let a(w) = -3*w + 9. Let b(x) = x - 3. Let u(l) = c*b(l) + 3*a(l). Let r(y) = -32*y - 260. Let j be r(-8). Determine u(j).
7
Let l be (297/1188)/((-2)/(-120)). Let z(b) = 4*b - 34. Calculate z(l).
26
Let p(f) be the first derivative of -f**3/3 + 3*f**2 + 3*f - 1304. What is p(6)?
3
Suppose -q + 3*t - t + 1 = 0, -2*q = -5*t - 4. Let y(l) = 3*l**2 - 3*l - 9. Let g(m) = 5*m**2 - 4*m - 14. Let u(d) = -5*g(d) + 8*y(d). Give u(q).
1
Let r = 132 - 125. Let z(b) = 7*b**3 - 7*b**2 + 4*b - 2. Let i(w) = -w**3 - w. Let n(p) = -6*i(p) - z(p). What is n(r)?
16
Let k(y) be the second derivative of -y**4/6 - 29*y**3/3 - 61*y**2/2 - 6892*y. What is k(-28)?
-5
Let w(l) = l - 2. Let b(o) = 5*o - 15. Let x = -134 - -130. Let j(q) = x*w(q) + b(q). Determine j(-7).
-14
Suppose -4*h - 2 = 30. Let i be (-14)/h + (-40)/(-32). Let j(y) = y + 1. Let o(z) = z**2. Let m(x) = -3*j(x) + o(x). Calculate m(i).
-3
Let m(w) = w**3 + 5*w**2 + 2*w + 17. Let x be m(-3). Let d(l) = 34 - 27*l + 5 + x*l. Give d(-18).
3
Let l(a) = 21*a - 173. Let o(h) =